147 and 4753.
49
Calculate the greatest common factor of 42 and 231.
21
What is the greatest common divisor of 60 and 135?
15
Calculate the greatest common divisor of 320 and 17344.
64
What is the highest common divisor of 7 and 63?
7
Calculate the greatest common divisor of 130 and 13.
13
What is the greatest common divisor of 197 and 19109?
197
Calculate the highest common factor of 8 and 344.
8
What is the greatest common factor of 7 and 1253?
7
Calculate the highest common factor of 148 and 4.
4
What is the highest common factor of 1763 and 172?
43
What is the highest common factor of 52 and 4030?
26
Calculate the greatest common factor of 3123 and 9.
9
Calculate the greatest common divisor of 3345 and 15.
15
What is the highest common divisor of 36192 and 87?
87
Calculate the highest common divisor of 15 and 7305.
15
Calculate the highest common divisor of 82 and 20.
2
What is the greatest common factor of 405 and 25?
5
What is the highest common factor of 20 and 10340?
20
What is the highest common divisor of 130 and 45?
5
Calculate the greatest common factor of 15 and 405.
15
What is the greatest common factor of 296 and 259?
37
Calculate the highest common factor of 4995 and 135.
135
Calculate the highest common divisor of 101 and 16766.
101
Calculate the highest common factor of 536 and 8.
8
What is the greatest common factor of 48 and 112?
16
What is the highest common divisor of 950 and 1150?
50
What is the greatest common factor of 48 and 192?
48
Calculate the greatest common factor of 7310 and 50.
10
Calculate the greatest common divisor of 198 and 374.
22
What is the greatest common factor of 81 and 8046?
27
What is the highest common divisor of 384 and 144?
48
Calculate the greatest common divisor of 7 and 3262.
7
What is the highest common divisor of 42 and 37632?
42
What is the greatest common divisor of 690 and 645?
15
Calculate the greatest common factor of 48 and 324.
12
What is the greatest common factor of 1890 and 420?
210
Calculate the greatest common factor of 198 and 126.
18
Calculate the greatest common factor of 42 and 114.
6
What is the highest common factor of 22 and 759?
11
What is the greatest common factor of 564 and 3572?
188
Calculate the highest common divisor of 40634 and 22.
22
Calculate the greatest common divisor of 27 and 159.
3
What is the highest common factor of 31 and 5890?
31
What is the highest common factor of 1180 and 100?
20
What is the highest common divisor of 52 and 12?
4
What is the highest common divisor of 5 and 80?
5
Calculate the highest common factor of 938 and 1474.
134
What is the greatest common factor of 132 and 1028?
4
Calculate the highest common factor of 50 and 7450.
50
What is the greatest common divisor of 15229 and 471?
157
What is the greatest common factor of 6392 and 136?
136
Calculate the greatest common divisor of 12431 and 124.
31
What is the greatest common divisor of 4 and 212?
4
What is the highest common factor of 944 and 752?
16
Calculate the highest common factor of 36 and 2070.
18
What is the greatest common factor of 76 and 209?
19
Calculate the greatest common factor of 52 and 1300.
52
Calculate the greatest common factor of 88 and 297.
11
What is the highest common factor of 8 and 17500?
4
Calculate the highest common factor of 40 and 68.
4
Calculate the highest common divisor of 336 and 432.
48
Calculate the highest common divisor of 544 and 357.
17
What is the highest common divisor of 80 and 80?
80
Calculate the highest common factor of 35 and 77.
7
Calculate the highest common factor of 4374 and 108.
54
What is the highest common divisor of 203 and 7?
7
Calculate the greatest common divisor of 156 and 8.
4
What is the greatest common factor of 112 and 42?
14
Calculate the greatest common divisor of 987 and 141.
141
Calculate the greatest common factor of 27 and 121.
1
Calculate the highest common divisor of 7 and 28.
7
Calculate the highest common factor of 61 and 1098.
61
What is the highest common divisor of 496 and 144?
16
What is the greatest common factor of 420 and 105?
105
Calculate the greatest common divisor of 121 and 5203.
121
What is the highest common factor of 272 and 32?
16
Calculate the highest common factor of 10210 and 10.
10
What is the greatest common divisor of 3670 and 10?
10
What is the highest common factor of 468 and 24?
12
What is the greatest common divisor of 11 and 1573?
11
Calculate the highest common factor of 832 and 52.
52
Calculate the greatest common factor of 153 and 119.
17
What is the greatest common divisor of 26 and 10634?
26
Calculate the highest common divisor of 200 and 88.
8
What is the highest common factor of 164 and 4018?
82
Calculate the greatest common factor of 915 and 15.
15
What is the greatest common divisor of 912 and 36?
12
What is the greatest common factor of 2 and 2962?
2
Calculate the greatest common divisor of 50 and 5225.
25
Calculate the greatest common factor of 558 and 72.
18
What is the highest common factor of 56 and 2744?
56
Calculate the highest common divisor of 704 and 66.
22
What is the greatest common factor of 81 and 1?
1
Calculate the greatest common divisor of 1221 and 22.
11
What is the greatest common factor of 10116 and 72?
36
What is the highest common divisor of 846 and 30?
6
What is the highest common divisor of 450 and 54?
18
What is the highest common factor of 58 and 464?
58
Calculate the highest common factor of 2641 and 38.
19
Calculate the greatest common factor of 27 and 999.
27
Calculate the highest common factor of 20 and 970.
10
What is the greatest common factor of 893 and 188?
47
What is the greatest common factor of 17966 and 26?
26
Calculate the highest common factor of 460 and 483.
23
Calculate the highest common factor of 20 and 2980.
20
Calculate the highest common divisor of 235 and 47.
47
Calculate the greatest common divisor of 902 and 44.
22
Calculate the highest common divisor of 4568 and 32.
8
Calculate the highest common factor of 481 and 13.
13
What is the greatest common divisor of 848 and 1961?
53
What is the greatest common factor of 30 and 4146?
6
What is the greatest common divisor of 7442 and 244?
122
What is the highest common factor of 156 and 559?
13
Calculate the highest common factor of 147 and 490.
49
Calculate the highest common divisor of 1035 and 80.
5
What is the greatest common divisor of 135 and 435?
15
Calculate the highest common factor of 135 and 27.
27
Calculate the highest common divisor of 549 and 3904.
61
Calculate the highest common factor of 28 and 896.
28
What is the highest common divisor of 36542 and 151?
151
What is the highest common divisor of 112 and 84?
28
Calculate the highest common factor of 57 and 20577.
57
Calculate the highest common factor of 1304 and 464.
8
What is the greatest common factor of 1204 and 387?
43
What is the highest common factor of 3620 and 320?
20
Calculate the highest common factor of 144 and 22.
2
Calculate the highest common factor of 19 and 931.
19
What is the highest common factor of 476 and 448?
28
Calculate the greatest common divisor of 26 and 390.
26
Calculate the greatest common divisor of 158 and 553.
79
Calculate the greatest common divisor of 56 and 7.
7
Calculate the highest common factor of 1086 and 9.
3
Calculate the greatest common factor of 75 and 975.
75
Calculate the highest common divisor of 143 and 65.
13
Calculate the highest common divisor of 90 and 261.
9
What is the highest common factor of 4556 and 102?
34
Calculate the greatest common factor of 328 and 82.
82
What is the greatest common divisor of 8 and 426?
2
What is the highest common divisor of 9 and 6255?
9
What is the highest common divisor of 527 and 155?
31
Calculate the greatest common divisor of 35 and 112.
7
Calculate the greatest common factor of 2220 and 15.
15
Calculate the highest common factor of 56 and 1736.
56
Calculate the greatest common factor of 3509 and 58.
29
Calculate the highest common factor of 2738 and 222.
74
What is the highest common factor of 52 and 8?
4
Calculate the greatest common divisor of 140 and 364.
28
What is the greatest common divisor of 819 and 1053?
117
What is the greatest common divisor of 65 and 520?
65
What is the greatest common factor of 144 and 522?
18
What is